{"id":6,"date":"2021-03-23T08:08:34","date_gmt":"2021-03-23T08:08:34","guid":{"rendered":"https:\/\/correcthomedesign.lt\/?page_id=6"},"modified":"2021-10-28T15:18:51","modified_gmt":"2021-10-28T15:18:51","slug":"apie","status":"publish","type":"page","link":"https:\/\/correcthomedesign.lt\/","title":{"rendered":""},"content":{"rendered":"\n<div class=\"wp-block-columns is-layout-flex wp-container-core-columns-is-layout-9d6595d7 wp-block-columns-is-layout-flex\">\n<div class=\"wp-block-column is-vertically-aligned-top is-layout-flow wp-block-column-is-layout-flow\" style=\"flex-basis:100%\">\n<div class=\"wp-block-group alignfull has-black-color has-text-color\"><div class=\"wp-block-group__inner-container is-layout-flow wp-block-group-is-layout-flow\">\n<div class=\"wp-block-columns alignwide is-layout-flex wp-container-core-columns-is-layout-9d6595d7 wp-block-columns-is-layout-flex\">\n<div class=\"wp-block-column is-layout-flow wp-block-column-is-layout-flow\">\n<p class=\"has-text-align-center has-text-color\" style=\"color:#000000;font-size:60px;line-height:1.1\"><strong>APIE MUS.<\/strong><\/p>\n\n\n\n<p><\/p>\n\n\n\n<div class=\"wp-block-group alignfull has-palette-1-color-0-color has-palette-1-color-5-background-color has-text-color has-background\"><div class=\"wp-block-group__inner-container is-layout-flow wp-block-group-is-layout-flow\">\n<div class=\"wp-block-group alignwide\"><div class=\"wp-block-group__inner-container is-layout-flow wp-block-group-is-layout-flow\">\n<div style=\"height:35px\" aria-hidden=\"true\" class=\"wp-block-spacer\"><\/div>\n\n\n\n<p class=\"has-text-align-center\" style=\"font-size:20px\"><strong>MES ESAME interjero bei eksterjero gamini\u0173 gamintojai.<\/strong><\/p>\n\n\n\n<p class=\"has-text-align-left has-normal-font-size\"><strong>SPECIALIZUOJAM\u0116S<\/strong> LAIPT\u0172, TUR\u0116KL\u0172, BALD\u0172 GAMYBOJE I\u0160 METALO, \u0104\u017dUOLO MASYVO, AKMENS BEI KIT\u0172 MED\u017dIAG\u0172. <strong>M\u016aS\u0172 TIKLAS &#8211;<\/strong> IE\u0160KOTI TINKAMIAUSI\u0172 IR GERIAUSI\u0172 SPRENDIM\u0172 \u012eGYVENDINANT PROJEKTUS. ESAME LINK\u0118 SI\u016aLYTI IR PAD\u0116TI JUOS ATRASTI.<\/p>\n\n\n\n<p class=\"has-text-align-left has-normal-font-size\">Lanks\u010diai \u017ei\u016brime \u012f u\u017esakovo poreikius,<strong> GEBAME SUPROJEKTUOTI IR PAGAMINTI<\/strong> \u012eVAIRAUS DIZAINO BALDUS, TUR\u0116KLUS BEI KITAS INTERJERO DETALES, KURIOSE VYRAUJA METALAS. Bene visus gamybos darbus atliekame patys, d\u0117l to galime u\u017etikrinti id\u0117jos \u012fgyvendinim\u0105 iki smulkmen\u0173. <\/p>\n\n\n\n<p class=\"has-text-align-left has-normal-font-size\"><strong>ESAME KRUOP\u0160T\u016aS IR TIKSL\u016aS<\/strong>, TOD\u0116L VISI M\u016aS\u0172 GAMINIAI PASI\u017dYMI ITIN AUK\u0160TA KOKYBE. MES mYLIME \u012eDOMIUS PROJEKTUS, KURIUOSE GALIME I\u0160LAISVINTI SAVO K\u016aRYBI\u0160KUM\u0104 BEI \u012eGYVENDINTI ID\u0116JAS.<\/p>\n<\/div><\/div>\n\n\n\n<div style=\"height:32px\" aria-hidden=\"true\" class=\"wp-block-spacer\"><\/div>\n<\/div><\/div>\n\n\n\n<p class=\"has-text-align-left\" style=\"font-size:15px\"><\/p>\n<\/div>\n<\/div>\n<\/div><\/div>\n<\/div>\n<\/div>\n\n\n\n<div class=\"wp-block-columns alignfull has-text-color has-background is-layout-flex wp-container-core-columns-is-layout-9d6595d7 wp-block-columns-is-layout-flex\" style=\"background-color:#ffffff;color:#000000\">\n<div class=\"wp-block-column is-layout-flow wp-block-column-is-layout-flow\">\n<h3 class=\"wp-block-heading\" style=\"font-size:24px;line-height:1.3\"><strong><a href=\"https:\/\/correcthomedesign.lt\/index.php\/tureklai\/\">TUR\u0116KLAI<\/a><\/strong><\/h3>\n\n\n\n<figure class=\"wp-block-image size-large\"><img loading=\"lazy\" decoding=\"async\" width=\"1024\" height=\"1024\" src=\"https:\/\/correcthomedesign.lt\/wp-content\/uploads\/2021\/10\/23187991-3288-4F2F-A3B4-972E0BB613A7-1-1024x1024.jpg\" alt=\"\" class=\"wp-image-237\" srcset=\"https:\/\/correcthomedesign.lt\/wp-content\/uploads\/2021\/10\/23187991-3288-4F2F-A3B4-972E0BB613A7-1-1024x1024.jpg 1024w, https:\/\/correcthomedesign.lt\/wp-content\/uploads\/2021\/10\/23187991-3288-4F2F-A3B4-972E0BB613A7-1-300x300.jpg 300w, https:\/\/correcthomedesign.lt\/wp-content\/uploads\/2021\/10\/23187991-3288-4F2F-A3B4-972E0BB613A7-1-150x150.jpg 150w, https:\/\/correcthomedesign.lt\/wp-content\/uploads\/2021\/10\/23187991-3288-4F2F-A3B4-972E0BB613A7-1-768x768.jpg 768w, https:\/\/correcthomedesign.lt\/wp-content\/uploads\/2021\/10\/23187991-3288-4F2F-A3B4-972E0BB613A7-1-1536x1536.jpg 1536w, https:\/\/correcthomedesign.lt\/wp-content\/uploads\/2021\/10\/23187991-3288-4F2F-A3B4-972E0BB613A7-1-2048x2048.jpg 2048w, https:\/\/correcthomedesign.lt\/wp-content\/uploads\/2021\/10\/23187991-3288-4F2F-A3B4-972E0BB613A7-1-1140x1140.jpg 1140w, https:\/\/correcthomedesign.lt\/wp-content\/uploads\/2021\/10\/23187991-3288-4F2F-A3B4-972E0BB613A7-1-920x920.jpg 920w, https:\/\/correcthomedesign.lt\/wp-content\/uploads\/2021\/10\/23187991-3288-4F2F-A3B4-972E0BB613A7-1-380x380.jpg 380w\" sizes=\"auto, (max-width: 1024px) 100vw, 1024px\" \/><\/figure>\n\n\n\n<h3 class=\"wp-block-heading\" style=\"font-size:24px;line-height:1.3\"><\/h3>\n<\/div>\n\n\n\n<div class=\"wp-block-column is-layout-flow wp-block-column-is-layout-flow\">\n<h3 class=\"wp-block-heading\" style=\"font-size:24px;line-height:1.3\"><strong><a href=\"https:\/\/correcthomedesign.lt\/index.php\/laiptai\">LAIP<\/a><a href=\"http:\/\/www.correcthomedesign.lt\/laiptai\">T<\/a><a href=\"http:\/\/www.correcthomedesign.lt\/paslaugos\/laiptai\">AI <\/a><\/strong><\/h3>\n\n\n\n<figure class=\"wp-block-image size-large\"><img loading=\"lazy\" decoding=\"async\" width=\"2560\" height=\"2557\" src=\"https:\/\/correcthomedesign.lt\/wp-content\/uploads\/2021\/10\/apartment-406901-2-edited-scaled.jpg\" alt=\"\" class=\"wp-image-238\" srcset=\"https:\/\/correcthomedesign.lt\/wp-content\/uploads\/2021\/10\/apartment-406901-2-edited-scaled.jpg 2560w, https:\/\/correcthomedesign.lt\/wp-content\/uploads\/2021\/10\/apartment-406901-2-edited-300x300.jpg 300w, https:\/\/correcthomedesign.lt\/wp-content\/uploads\/2021\/10\/apartment-406901-2-edited-1024x1024.jpg 1024w, https:\/\/correcthomedesign.lt\/wp-content\/uploads\/2021\/10\/apartment-406901-2-edited-150x150.jpg 150w, https:\/\/correcthomedesign.lt\/wp-content\/uploads\/2021\/10\/apartment-406901-2-edited-768x767.jpg 768w, https:\/\/correcthomedesign.lt\/wp-content\/uploads\/2021\/10\/apartment-406901-2-edited-1536x1534.jpg 1536w, https:\/\/correcthomedesign.lt\/wp-content\/uploads\/2021\/10\/apartment-406901-2-edited-2048x2045.jpg 2048w, https:\/\/correcthomedesign.lt\/wp-content\/uploads\/2021\/10\/apartment-406901-2-edited-1140x1138.jpg 1140w, https:\/\/correcthomedesign.lt\/wp-content\/uploads\/2021\/10\/apartment-406901-2-edited-920x919.jpg 920w, https:\/\/correcthomedesign.lt\/wp-content\/uploads\/2021\/10\/apartment-406901-2-edited-380x379.jpg 380w\" sizes=\"auto, (max-width: 2560px) 100vw, 2560px\" \/><\/figure>\n\n\n\n<h3 class=\"wp-block-heading\" style=\"font-size:24px;line-height:1.3\"><\/h3>\n<\/div>\n\n\n\n<div class=\"wp-block-column is-layout-flow wp-block-column-is-layout-flow\">\n<h3 class=\"wp-block-heading\" style=\"font-size:24px;line-height:1.3\"><strong><a href=\"https:\/\/correcthomedesign.lt\/index.php\/baldai\/\">BALDAI <\/a><\/strong><\/h3>\n\n\n\n<figure class=\"wp-block-image size-large is-resized\"><img loading=\"lazy\" decoding=\"async\" src=\"https:\/\/correcthomedesign.lt\/wp-content\/uploads\/2021\/10\/IMG_6588-edited.jpeg\" alt=\"\" class=\"wp-image-239\" width=\"475\" height=\"478\" srcset=\"https:\/\/correcthomedesign.lt\/wp-content\/uploads\/2021\/10\/IMG_6588-edited.jpeg 1125w, https:\/\/correcthomedesign.lt\/wp-content\/uploads\/2021\/10\/IMG_6588-edited-1020x1024.jpeg 1020w, https:\/\/correcthomedesign.lt\/wp-content\/uploads\/2021\/10\/IMG_6588-edited-150x150.jpeg 150w, https:\/\/correcthomedesign.lt\/wp-content\/uploads\/2021\/10\/IMG_6588-edited-768x771.jpeg 768w, https:\/\/correcthomedesign.lt\/wp-content\/uploads\/2021\/10\/IMG_6588-edited-920x923.jpeg 920w, https:\/\/correcthomedesign.lt\/wp-content\/uploads\/2021\/10\/IMG_6588-edited-380x381.jpeg 380w\" sizes=\"auto, (max-width: 475px) 100vw, 475px\" \/><\/figure>\n<\/div>\n<\/div>\n","protected":false},"excerpt":{"rendered":"<p>APIE MUS. MES ESAME interjero bei eksterjero gamini\u0173 gamintojai. SPECIALIZUOJAM\u0116S LAIPT\u0172, TUR\u0116KL\u0172, [&hellip;]<\/p>\n","protected":false},"author":1,"featured_media":0,"parent":0,"menu_order":0,"comment_status":"closed","ping_status":"closed","template":"","meta":{"om_disable_all_campaigns":false,"_monsterinsights_skip_tracking":false,"_monsterinsights_sitenote_active":false,"_monsterinsights_sitenote_note":"","_monsterinsights_sitenote_category":0,"footnotes":""},"class_list":["post-6","page","type-page","status-publish","hentry"],"_links":{"self":[{"href":"https:\/\/correcthomedesign.lt\/index.php\/wp-json\/wp\/v2\/pages\/6","targetHints":{"allow":["GET"]}}],"collection":[{"href":"https:\/\/correcthomedesign.lt\/index.php\/wp-json\/wp\/v2\/pages"}],"about":[{"href":"https:\/\/correcthomedesign.lt\/index.php\/wp-json\/wp\/v2\/types\/page"}],"author":[{"embeddable":true,"href":"https:\/\/correcthomedesign.lt\/index.php\/wp-json\/wp\/v2\/users\/1"}],"replies":[{"embeddable":true,"href":"https:\/\/correcthomedesign.lt\/index.php\/wp-json\/wp\/v2\/comments?post=6"}],"version-history":[{"count":11,"href":"https:\/\/correcthomedesign.lt\/index.php\/wp-json\/wp\/v2\/pages\/6\/revisions"}],"predecessor-version":[{"id":251,"href":"https:\/\/correcthomedesign.lt\/index.php\/wp-json\/wp\/v2\/pages\/6\/revisions\/251"}],"wp:attachment":[{"href":"https:\/\/correcthomedesign.lt\/index.php\/wp-json\/wp\/v2\/media?parent=6"}],"curies":[{"name":"wp","href":"https:\/\/api.w.org\/{rel}","templated":true}]}}